emainder when 18 is divided by n?
3
Let i = 96 + 244. Calculate the remainder when i is divided by 103.
31
Let w(k) = -k**3 + 8*k**2 + 13*k + 3. Let x be w(9). Let i = x - 34. Let g(n) = 2*n**2 - 3*n + 3. What is the remainder when g(3) is divided by i?
2
Suppose 6*l + 45 + 26 = 5*d, -5*d - 4*l = -61. What is the remainder when 1491 is divided by d?
9
Let i(h) = h**3 + h**2 + 15. Let z be i(0). Suppose -6*s - z = -7*s. Suppose -s = 7*u - 12*u. Calculate the remainder when 6 is divided by u.
0
Let x = 7 - 6. Let n(b) = b - 2. Let p be n(10). Suppose 4*m - 3*m + 4 = 5*a, -5*a = 3*m - p. What is the remainder when m is divided by x?
0
Let x = -68 + 38. Let g = -11 - x. Let j = -1881 - -1954. What is the remainder when j is divided by g?
16
Suppose 5*z - 37 = -2*n, 4*n = -3*z - n + 26. Suppose -7*k - 217 = -231. Let p = z - k. What is the remainder when 7 is divided by p?
2
Let s be (-24)/(-40) - (-106)/(-10). Let r = s + 33. Calculate the remainder when r is divided by 6.
5
Suppose -i + 181 = u, 4*u - 193 = -i - 0*u. Calculate the remainder when i is divided by 93.
84
Suppose 5*u - 72 = -22. What is the remainder when 2*(-5 - 513/(-18)) is divided by u?
7
Let s(z) = 5*z + 81. Calculate the remainder when s(7) is divided by 7.
4
Let t(c) = -c**2 - 9*c + 14. Let u be t(-8). Let o = u - 6. Let g(m) = 2*m**2 - 7*m + 1. Calculate the remainder when g(6) is divided by o.
15
Suppose 2*l = -5*v + 6*l + 583, -601 = -5*v - 2*l. Calculate the remainder when v is divided by 10.
9
Suppose 5*m + 104 + 71 = 0. Let z = 55 + m. Let f(d) = -d + 7. Calculate the remainder when z is divided by f(0).
6
Suppose 194 = 3*i + 2*t - 6*t, -3*t = -3*i + 189. Let b = i + -45. Calculate the remainder when 62 is divided by b.
10
Let k(g) = 2*g**3 - 9*g**2 - 8*g + 25. Calculate the remainder when 38 is divided by k(5).
8
Let g(y) = -6*y - 40. Let q(p) = -2*p**2 - 8*p + 29. Let l be q(-7). Calculate the remainder when 149 is divided by g(l).
35
Let l(i) = 4*i**2 - 5*i + 1. Let a = 6 - 2. What is the remainder when l(a) is divided by 17?
11
Suppose 35*z + 308 - 903 = 0. Let d = 11 + -6. Suppose -5*g - 2*x - 14 = -56, -d*g - 5*x + 30 = 0. What is the remainder when z is divided by g?
7
Let q(j) = 2*j - 2*j - 65 + 68 - j. Calculate the remainder when 31 is divided by q(-13).
15
Let x(s) = -s**3 + 9*s**2 + 4*s - 7. Let t(i) = i - 3. Let n = 21 - 9. Let w be t(n). What is the remainder when x(w) is divided by 8?
5
Suppose 2*c = -2*f - 4 + 16, 4*f = -c + 30. Suppose 3*q - 24 = -3*g + 2*q, 27 = 3*g + 2*q. Calculate the remainder when f is divided by g.
1
Suppose 2 + 8 = 2*t. Suppose t = o + 1. What is the remainder when 30 is divided by o/(-6) - (-300)/18?
14
Let s(z) = -z**3 + 5*z**2 + 13*z - 10. Let h be s(7). Let o = h - -24. What is the remainder when 96 is divided by o?
5
Let f = 39 + -62. Let q = f + 35. Suppose 2*h + 124 = -4*o + 400, 0 = -3*h + q. Calculate the remainder when o is divided by 23.
21
Let o(g) = 3*g - 7. Suppose 0 = -15*j + 188 + 37. Calculate the remainder when 385/j - (-3)/9 is divided by o(5).
2
Suppose -12 = b - 3*k - 207, 2*b - 350 = -2*k. What is the remainder when b is divided by 21?
12
Calculate the remainder when -3*(-102 + (-6 - -11)) is divided by 49.
46
Suppose 0 - 8 = -2*c, -5*c - 84 = -4*j. Let b(r) = 16*r - 5. Calculate the remainder when b(5) is divided by j.
23
Let q(f) = -120*f - 22. Calculate the remainder when q(-1) is divided by 41.
16
Suppose i = 5*n - 472, 38*n - 90 = 37*n - 2*i. Calculate the remainder when n is divided by 12.
10
Let q(n) = n**3 + 6*n**2 + n + 14. Calculate the remainder when 118 is divided by q(-6).
6
Let g(y) = -5*y**3 - 3*y - 2. Let c be g(-1). Suppose 5*x + 12 = c*x. What is the remainder when 24 is divided by x?
0
Let w(l) = -2*l**3 + 2*l**2 - 1. Let s be w(2). Let y = 5 + s. Let j = 4 - y. What is the remainder when 13 is divided by j?
5
Suppose -3*j + 0 = 2*o - 6, 9 = -3*j + 3*o. Suppose 6*y + j*y - 252 = 0. Suppose -3*m + 29 = -4. Calculate the remainder when y is divided by m.
9
Let u = 58 - 30. Calculate the remainder when (6 + 0)*18 - 10/(-5) is divided by u.
26
Suppose 0 = 136*r - 145*r + 306. Suppose 0 = -2*h - 6, -5*d - h = 2*h - 56. Calculate the remainder when r is divided by d.
8
Suppose 2*i + 2*i = -4*u - 8, -2*i - 4*u - 14 = 0. Suppose -25 = 5*k, 14 = -b - i*k + 6. What is the remainder when 12 is divided by b?
5
Suppose s + 22 - 39 = 0. Suppose -3 = -d + z + s, 0 = -2*d - 3*z + 25. Calculate the remainder when 84 is divided by d.
16
Suppose -3*p + 4 + 5 = 0, -3*c + 3*p = -51. Let j(m) = 75*m - 39. What is the remainder when j(1) is divided by c?
16
Let z be (0 + 7)*(-5070)/35. What is the remainder when 43 is divided by z/(-65) + 3*2/15?
11
Let q be (-8)/(-2) + 299/1. Suppose -14*k - q = -17*k. Calculate the remainder when k is divided by 36.
29
Let y(m) = m**3 - 5*m**2 + 9*m - 2. Let t(z) = 2*z**3 - 10*z**2 + 17*z - 3. Let c(p) = 3*t(p) - 5*y(p). Calculate the remainder when c(7) is divided by 18.
15
Suppose -2*t + 2*t = -2*t. What is the remainder when (0 - (t + 3)) + 161*1 is divided by 23?
20
Let b = 1448 + -1206. What is the remainder when b is divided by 27?
26
Suppose 419 = 47*c - 897. Suppose -3*r = -6*r, 3*r - 183 = -m. Suppose 3*p - m + 21 = 0. What is the remainder when p is divided by c?
26
Let s = 32 - 36. Calculate the remainder when (26 - s)*(-9)/(-15) is divided by 10.
8
Suppose -36*g + 183 = -1617. What is the remainder when g is divided by 39?
11
Let z(m) = -m**3 + 3*m**2 + 3*m - 6. Let p be z(3). Suppose -4*o + 240 = -2*n - 2*n, -o = -p*n - 50. What is the remainder when o is divided by 22?
21
Let n = 178 - -76. Let u = 398 - n. What is the remainder when u is divided by 21?
18
Suppose 4*y + 1098 = 4*r - 2*r, -2*r + y = -1083. What is the remainder when r is divided by 15?
14
Let z = -130 + 213. Let n = z - 65. Calculate the remainder when 143 is divided by n.
17
Let s be (-3 - 1)*13/(-26). Suppose -46 - 66 = -s*w - 2*g, w - 76 = -5*g. Calculate the remainder when w is divided by 13.
12
Let q(a) = 16*a - 89. Calculate the remainder when q(11) is divided by 30.
27
Suppose -32*y + 26*y + 114 = 0. Calculate the remainder when 41 is divided by y.
3
Suppose 3*d - 122 = -2*d + 4*w, d - 22 = 2*w. What is the remainder when (52 - 3)*(-220)/(-70) is divided by d?
24
Suppose 5*w - 63 = -3*d - 20, -w + 38 = 2*d. Let y = -747 + 786. What is the remainder when y is divided by d?
18
Let x(b) = 2*b**3 - 45*b**2 + 26*b - 37. What is the remainder when 86 is divided by x(22)?
35
Suppose -273 = -2*s + z, -209 = 3*s - 3*z - 623. Calculate the remainder when s is divided by 35.
30
Let l = 187 - 99. Let k(b) = -5*b - 102. Calculate the remainder when l is divided by k(-25).
19
Let w = 7 + -5. Suppose w*v = 5*v + 174. Let t = v - -107. What is the remainder when t is divided by 25?
24
Let f(w) = 7*w**3 - 6*w**2 - 5*w + 9. What is the remainder when f(3) is divided by 53?
23
Let l = -334 + 408. Calculate the remainder when l is divided by 39.
35
Let y be -4*((-3)/(-2) + -2). Suppose 4*n = 5*r - 20 - 7, 0 = -3*r - y*n + 3. Suppose -r*g + 92 = -67. Calculate the remainder when g is divided by 14.
11
Let o(y) = -y**3 - 6*y**2 - 4*y + 5. Let n be o(-5). Suppose n = w - 5*v + 19, -v + 5 = -4*w + 24. What is the remainder when -1*12*(-8)/6 is divided by w?
4
Suppose 95*v + 15 = 92*v. Calculate the remainder when 9 is divided by (2*-1 + v)/((-5)/5).
2
Calculate the remainder when 38 is divided by ((-38)/95)/((-8)/(-10))*-76.
0
Let l be (-1)/(-3) - 176/33. Calculate the remainder when ((-86)/(-6))/(l/(-15)) is divided by 9.
7
Calculate the remainder when 108 is divided by (3/48*12)/((-9)/(-156)).
4
Suppose 0 = -2*t + 5*t, 0 = 5*c + 4*t - 20. Calculate the remainder when 84 - (8/c*1 + -1) is divided by 28.
27
Let i(a) = 6*a - 107. Calculate the remainder when 87 is divided by i(19).
3
Let c = -64 + 39. Let m(b) = -5*b - 43. What is the remainder when m(c) is divided by 21?
19
Suppose 0 = 8*c - 32 - 288. Let j(s) = -6*s - 15. Calculate the remainder when c is divided by j(-6).
19
Suppose -4*f + 5 - 25 = 0. Suppose a = 3*a - 22. Let u = f + a. What is the remainder when 10 is divided by u?
4
Suppose 3*l + 3*m = 699, 0 = 3*m - 2*m + 4. Let v = l - 162. Calculate the remainder when v is divided by 16.
11
Let c(x) = 